{"id":85,"date":"2023-02-27T18:38:13","date_gmt":"2023-02-27T18:38:13","guid":{"rendered":"https:\/\/ecolelesmarmitons.com\/?page_id=85"},"modified":"2024-11-25T23:05:34","modified_gmt":"2024-11-25T23:05:34","slug":"mot-du-directeur","status":"publish","type":"page","link":"https:\/\/ecolelesmarmitons.com\/index.php\/mot-du-directeur\/","title":{"rendered":"Mot du Directeur"},"content":{"rendered":"\t\t<div data-elementor-type=\"wp-page\" data-elementor-id=\"85\" class=\"elementor elementor-85\">\n\t\t\t\t\t\t<header class=\"elementor-section elementor-top-section elementor-element elementor-element-357ba6b elementor-section-stretched elementor-section-height-min-height elementor-section-boxed elementor-section-height-default elementor-section-items-middle\" data-id=\"357ba6b\" data-element_type=\"section\" data-e-type=\"section\" data-settings=\"{&quot;stretch_section&quot;:&quot;section-stretched&quot;,&quot;background_background&quot;:&quot;classic&quot;}\">\n\t\t\t\t\t\t\t<div class=\"elementor-background-overlay\"><\/div>\n\t\t\t\t\t\t\t<div class=\"elementor-container elementor-column-gap-default\">\n\t\t\t\t\t<div class=\"elementor-column elementor-col-100 elementor-top-column elementor-element elementor-element-5d3786a\" data-id=\"5d3786a\" data-element_type=\"column\" data-e-type=\"column\">\n\t\t\t<div class=\"elementor-widget-wrap elementor-element-populated\">\n\t\t\t\t\t\t<div class=\"elementor-element elementor-element-b9f2f7a elementor-widget elementor-widget-heading\" data-id=\"b9f2f7a\" data-element_type=\"widget\" data-e-type=\"widget\" data-widget_type=\"heading.default\">\n\t\t\t\t<div class=\"elementor-widget-container\">\n\t\t\t\t\t<h1 class=\"elementor-heading-title elementor-size-default\">MOT DU DIRECTEUR<\/h1>\t\t\t\t<\/div>\n\t\t\t\t<\/div>\n\t\t\t\t<div class=\"elementor-element elementor-element-b84faeb elementor-widget-divider--separator-type-pattern elementor-widget-divider--view-line elementor-widget elementor-widget-divider\" data-id=\"b84faeb\" data-element_type=\"widget\" data-e-type=\"widget\" data-widget_type=\"divider.default\">\n\t\t\t\t<div class=\"elementor-widget-container\">\n\t\t\t\t\t\t\t<div class=\"elementor-divider\" style=\"--divider-pattern-url: url(&quot;data:image\/svg+xml,%3Csvg xmlns=&#039;http:\/\/www.w3.org\/2000\/svg&#039; preserveAspectRatio=&#039;none&#039; overflow=&#039;visible&#039; height=&#039;100%&#039; viewBox=&#039;0 0 20 16&#039; fill=&#039;none&#039; stroke=&#039;black&#039; stroke-width=&#039;3.3&#039; stroke-linecap=&#039;square&#039; stroke-miterlimit=&#039;10&#039;%3E%3Cg transform=&#039;translate(-12.000000, 0)&#039;%3E%3Cpath d=&#039;M28,0L10,18&#039;\/%3E%3Cpath d=&#039;M18,0L0,18&#039;\/%3E%3Cpath d=&#039;M48,0L30,18&#039;\/%3E%3Cpath d=&#039;M38,0L20,18&#039;\/%3E%3C\/g%3E%3C\/svg%3E&quot;);\">\n\t\t\t<span class=\"elementor-divider-separator\">\n\t\t\t\t\t\t<\/span>\n\t\t<\/div>\n\t\t\t\t\t\t<\/div>\n\t\t\t\t<\/div>\n\t\t\t\t<div class=\"elementor-element elementor-element-7c1d98f elementor-widget elementor-widget-text-editor\" data-id=\"7c1d98f\" data-element_type=\"widget\" data-e-type=\"widget\" data-widget_type=\"text-editor.default\">\n\t\t\t\t<div class=\"elementor-widget-container\">\n\t\t\t\t\t\t\t\t\t<p>L&rsquo;Institut de Formation aux M\u00e9tiers de la Gastronomie de l&rsquo;H\u00f4tellerie et du Tourisme a \u00e9t\u00e9 fond\u00e9e en 2006 par le Chef Sidy DIEME<\/p>\t\t\t\t\t\t\t\t<\/div>\n\t\t\t\t<\/div>\n\t\t\t\t\t<\/div>\n\t\t<\/div>\n\t\t\t\t\t<\/div>\n\t\t<\/header>\n\t\t\t\t<section class=\"elementor-section elementor-top-section elementor-element elementor-element-27f9d54f elementor-section-content-middle elementor-section-boxed elementor-section-height-default elementor-section-height-default\" data-id=\"27f9d54f\" data-element_type=\"section\" data-e-type=\"section\" data-settings=\"{&quot;background_background&quot;:&quot;classic&quot;}\">\n\t\t\t\t\t\t<div class=\"elementor-container elementor-column-gap-default\">\n\t\t\t\t\t<div class=\"elementor-column elementor-col-50 elementor-top-column elementor-element elementor-element-6455ab8c\" data-id=\"6455ab8c\" data-element_type=\"column\" data-e-type=\"column\">\n\t\t\t<div class=\"elementor-widget-wrap elementor-element-populated\">\n\t\t\t\t\t\t<div class=\"elementor-element elementor-element-54fa6a68 elementor-widget elementor-widget-heading\" data-id=\"54fa6a68\" data-element_type=\"widget\" data-e-type=\"widget\" data-widget_type=\"heading.default\">\n\t\t\t\t<div class=\"elementor-widget-container\">\n\t\t\t\t\t<h2 class=\"elementor-heading-title elementor-size-default\">Mot du Directeur<\/h2>\t\t\t\t<\/div>\n\t\t\t\t<\/div>\n\t\t\t\t<div class=\"elementor-element elementor-element-395c4123 elementor-widget-divider--separator-type-pattern elementor-widget-divider--view-line elementor-widget elementor-widget-divider\" data-id=\"395c4123\" data-element_type=\"widget\" data-e-type=\"widget\" data-widget_type=\"divider.default\">\n\t\t\t\t<div class=\"elementor-widget-container\">\n\t\t\t\t\t\t\t<div class=\"elementor-divider\" style=\"--divider-pattern-url: url(&quot;data:image\/svg+xml,%3Csvg xmlns=&#039;http:\/\/www.w3.org\/2000\/svg&#039; preserveAspectRatio=&#039;none&#039; overflow=&#039;visible&#039; height=&#039;100%&#039; viewBox=&#039;0 0 20 16&#039; fill=&#039;none&#039; stroke=&#039;black&#039; stroke-width=&#039;3.3&#039; stroke-linecap=&#039;square&#039; stroke-miterlimit=&#039;10&#039;%3E%3Cg transform=&#039;translate(-12.000000, 0)&#039;%3E%3Cpath d=&#039;M28,0L10,18&#039;\/%3E%3Cpath d=&#039;M18,0L0,18&#039;\/%3E%3Cpath d=&#039;M48,0L30,18&#039;\/%3E%3Cpath d=&#039;M38,0L20,18&#039;\/%3E%3C\/g%3E%3C\/svg%3E&quot;);\">\n\t\t\t<span class=\"elementor-divider-separator\">\n\t\t\t\t\t\t<\/span>\n\t\t<\/div>\n\t\t\t\t\t\t<\/div>\n\t\t\t\t<\/div>\n\t\t\t\t<div class=\"elementor-element elementor-element-323651f4 elementor-widget__width-initial elementor-widget elementor-widget-text-editor\" data-id=\"323651f4\" data-element_type=\"widget\" data-e-type=\"widget\" data-widget_type=\"text-editor.default\">\n\t\t\t\t<div class=\"elementor-widget-container\">\n\t\t\t\t\t\t\t\t\t<p>Chers \u00e9tudiants, professionnels et partenaires,<\/p><p>Nous sommes particuli\u00e8rement heureux de vous accueillir sur notre site institutionnel pour une relation de proximit\u00e9 et aussi pour s\u2019inscrire dans une relation d\u2019\u00e9change perp\u00e9tuel et constructif avec vous. C\u2019est une conviction et une passion partag\u00e9es par des hommes et des femmes pour qui la formation technique et professionnelle est un sacerdoce.<\/p><p><strong>LES MARMITONS<\/strong>, fort d\u2019une exp\u00e9rience de plus de 20 ans est un \u00e9tablissement d\u2019enseignement professionnel dont le projet p\u00e9dagogique permet de transmettre la pluralit\u00e9 des savoirs et les cl\u00e9s de lecture d\u2019un monde fluide pour les futurs professionnels de la restauration et de l\u2019h\u00f4tellerie.<\/p><p>Notre mission est de former, d\u2019encadrer, d\u2019orienter et d\u2019accompagner les \u00e9tudiants\u00a0; futurs professionnels, afin que chacun d\u2019entre eux puisse avoir la chance de devenir un leader avec les capacit\u00e9s techniques du m\u00e9tier.<\/p><p>\u00a0<\/p>\t\t\t\t\t\t\t\t<\/div>\n\t\t\t\t<\/div>\n\t\t\t\t\t<\/div>\n\t\t<\/div>\n\t\t\t\t<div class=\"elementor-column elementor-col-50 elementor-top-column elementor-element elementor-element-4feeb12a\" data-id=\"4feeb12a\" data-element_type=\"column\" data-e-type=\"column\">\n\t\t\t<div class=\"elementor-widget-wrap elementor-element-populated\">\n\t\t\t\t\t\t<div class=\"elementor-element elementor-element-2bad7f0b elementor-widget elementor-widget-image\" data-id=\"2bad7f0b\" data-element_type=\"widget\" data-e-type=\"widget\" data-widget_type=\"image.default\">\n\t\t\t\t<div class=\"elementor-widget-container\">\n\t\t\t\t\t\t\t\t\t\t\t\t\t\t\t<img fetchpriority=\"high\" decoding=\"async\" width=\"1024\" height=\"683\" src=\"https:\/\/ecolelesmarmitons.com\/wp-content\/uploads\/2023\/09\/Z3A7469-1024x683.png\" class=\"attachment-large size-large wp-image-368\" alt=\"\" srcset=\"https:\/\/ecolelesmarmitons.com\/wp-content\/uploads\/2023\/09\/Z3A7469-1024x683.png 1024w, https:\/\/ecolelesmarmitons.com\/wp-content\/uploads\/2023\/09\/Z3A7469-300x200.png 300w, https:\/\/ecolelesmarmitons.com\/wp-content\/uploads\/2023\/09\/Z3A7469-768x512.png 768w, https:\/\/ecolelesmarmitons.com\/wp-content\/uploads\/2023\/09\/Z3A7469-1536x1024.png 1536w, https:\/\/ecolelesmarmitons.com\/wp-content\/uploads\/2023\/09\/Z3A7469.png 1783w\" sizes=\"(max-width: 1024px) 100vw, 1024px\" \/>\t\t\t\t\t\t\t\t\t\t\t\t\t\t\t<\/div>\n\t\t\t\t<\/div>\n\t\t\t\t\t<\/div>\n\t\t<\/div>\n\t\t\t\t\t<\/div>\n\t\t<\/section>\n\t\t\t\t<section class=\"elementor-section elementor-top-section elementor-element elementor-element-f0a727c elementor-section-content-middle elementor-section-boxed elementor-section-height-default elementor-section-height-default\" data-id=\"f0a727c\" data-element_type=\"section\" data-e-type=\"section\" data-settings=\"{&quot;background_background&quot;:&quot;classic&quot;}\">\n\t\t\t\t\t\t<div class=\"elementor-container elementor-column-gap-default\">\n\t\t\t\t\t<div class=\"elementor-column elementor-col-50 elementor-top-column elementor-element elementor-element-fc3cc42\" data-id=\"fc3cc42\" data-element_type=\"column\" data-e-type=\"column\">\n\t\t\t<div class=\"elementor-widget-wrap elementor-element-populated\">\n\t\t\t\t\t\t<div class=\"elementor-element elementor-element-d6d17d5 elementor-widget elementor-widget-image\" data-id=\"d6d17d5\" data-element_type=\"widget\" data-e-type=\"widget\" data-widget_type=\"image.default\">\n\t\t\t\t<div class=\"elementor-widget-container\">\n\t\t\t\t\t\t\t\t\t\t\t\t\t\t\t<img decoding=\"async\" width=\"1024\" height=\"682\" src=\"https:\/\/ecolelesmarmitons.com\/wp-content\/uploads\/2023\/09\/Z3A7489-1024x682.png\" class=\"attachment-large size-large wp-image-371\" alt=\"\" srcset=\"https:\/\/ecolelesmarmitons.com\/wp-content\/uploads\/2023\/09\/Z3A7489-1024x682.png 1024w, https:\/\/ecolelesmarmitons.com\/wp-content\/uploads\/2023\/09\/Z3A7489-300x200.png 300w, https:\/\/ecolelesmarmitons.com\/wp-content\/uploads\/2023\/09\/Z3A7489-768x512.png 768w, https:\/\/ecolelesmarmitons.com\/wp-content\/uploads\/2023\/09\/Z3A7489-1536x1024.png 1536w, https:\/\/ecolelesmarmitons.com\/wp-content\/uploads\/2023\/09\/Z3A7489.png 1820w\" sizes=\"(max-width: 1024px) 100vw, 1024px\" \/>\t\t\t\t\t\t\t\t\t\t\t\t\t\t\t<\/div>\n\t\t\t\t<\/div>\n\t\t\t\t\t<\/div>\n\t\t<\/div>\n\t\t\t\t<div class=\"elementor-column elementor-col-50 elementor-top-column elementor-element elementor-element-ca8f15d\" data-id=\"ca8f15d\" data-element_type=\"column\" data-e-type=\"column\">\n\t\t\t<div class=\"elementor-widget-wrap elementor-element-populated\">\n\t\t\t\t\t\t<div class=\"elementor-element elementor-element-6a1f505 elementor-widget__width-initial elementor-widget elementor-widget-text-editor\" data-id=\"6a1f505\" data-element_type=\"widget\" data-e-type=\"widget\" data-widget_type=\"text-editor.default\">\n\t\t\t\t<div class=\"elementor-widget-container\">\n\t\t\t\t\t\t\t\t\t<p>Agr\u00e9\u00e9 et reconnu par l\u2019\u00e9tat, <strong>LES MARMITONS<\/strong> se positionne comme <strong>INSTITUT DE REFERENCE<\/strong> dans le domaine de <strong>LA RESTAURATION ET DE L\u2019H\u00d4TELLERIE<\/strong> au S\u00e9n\u00e9gal et vous forme dans les conditions ad\u00e9quates r\u00e9pondant aux normes du m\u00e9tier, afin que vous puissiez int\u00e9grer le milieu professionnel s\u00e9n\u00e9galais en particulier, africain et europ\u00e9en en g\u00e9n\u00e9ral, conform\u00e9ment \u00e0 notre cr\u00e9do, former pour devenir.<\/p><p>Je vous remercie de nous avoir choisis.<\/p>\t\t\t\t\t\t\t\t<\/div>\n\t\t\t\t<\/div>\n\t\t\t\t<div class=\"elementor-element elementor-element-189a361 elementor-widget__width-initial elementor-widget elementor-widget-text-editor\" data-id=\"189a361\" data-element_type=\"widget\" data-e-type=\"widget\" data-widget_type=\"text-editor.default\">\n\t\t\t\t<div class=\"elementor-widget-container\">\n\t\t\t\t\t\t\t\t\t<p><strong>Sidy DIEME<\/strong><strong><br \/>Directeur G\u00e9n\u00e9ral<\/strong><\/p>\t\t\t\t\t\t\t\t<\/div>\n\t\t\t\t<\/div>\n\t\t\t\t\t<\/div>\n\t\t<\/div>\n\t\t\t\t\t<\/div>\n\t\t<\/section>\n\t\t\t\t<\/div>\n\t\t","protected":false},"excerpt":{"rendered":"<p>MOT DU DIRECTEUR L&rsquo;Institut de Formation aux M\u00e9tiers de la Gastronomie de l&rsquo;H\u00f4tellerie et du Tourisme a \u00e9t\u00e9 fond\u00e9e en 2006 par le Chef Sidy DIEME Mot du Directeur Chers \u00e9tudiants, professionnels et partenaires, Nous sommes particuli\u00e8rement heureux de vous accueillir sur notre site institutionnel pour une relation de proximit\u00e9 et aussi pour s\u2019inscrire dans [&hellip;]<\/p>\n","protected":false},"author":1,"featured_media":0,"parent":0,"menu_order":0,"comment_status":"closed","ping_status":"closed","template":"elementor_header_footer","meta":{"footnotes":""},"class_list":["post-85","page","type-page","status-publish","hentry","entry"],"jetpack_sharing_enabled":true,"_links":{"self":[{"href":"https:\/\/ecolelesmarmitons.com\/index.php\/wp-json\/wp\/v2\/pages\/85","targetHints":{"allow":["GET"]}}],"collection":[{"href":"https:\/\/ecolelesmarmitons.com\/index.php\/wp-json\/wp\/v2\/pages"}],"about":[{"href":"https:\/\/ecolelesmarmitons.com\/index.php\/wp-json\/wp\/v2\/types\/page"}],"author":[{"embeddable":true,"href":"https:\/\/ecolelesmarmitons.com\/index.php\/wp-json\/wp\/v2\/users\/1"}],"replies":[{"embeddable":true,"href":"https:\/\/ecolelesmarmitons.com\/index.php\/wp-json\/wp\/v2\/comments?post=85"}],"version-history":[{"count":18,"href":"https:\/\/ecolelesmarmitons.com\/index.php\/wp-json\/wp\/v2\/pages\/85\/revisions"}],"predecessor-version":[{"id":1694,"href":"https:\/\/ecolelesmarmitons.com\/index.php\/wp-json\/wp\/v2\/pages\/85\/revisions\/1694"}],"wp:attachment":[{"href":"https:\/\/ecolelesmarmitons.com\/index.php\/wp-json\/wp\/v2\/media?parent=85"}],"curies":[{"name":"wp","href":"https:\/\/api.w.org\/{rel}","templated":true}]}}